11
82 (base 10) to base 9
101
What is 89 (base 11) in base 4?
1201
Convert 1154 (base 6) to base 8.
436
-b (base 16) to base 12
-b
Convert 320 (base 7) to base 6.
425
Convert 32 (base 15) to base 9.
52
5 (base 10) to base 8
5
Convert -13 (base 4) to base 14.
-7
Convert 37 (base 11) to base 7.
55
What is -90 (base 14) in base 5?
-1001
What is -132 (base 4) in base 5?
-110
What is -11000000 (base 2) in base 7?
-363
Convert -26 (base 8) to base 15.
-17
What is 3b (base 15) in base 7?
110
Convert 7 (base 11) to base 14.
7
Convert 1 (base 6) to base 14.
1
1 (base 15) to base 11
1
12 (base 7) to base 2
1001
Convert 1 (base 13) to base 11.
1
What is -1 (base 14) in base 12?
-1
What is -10 (base 7) in base 12?
-7
1012 (base 5) to base 8
204
What is 5 (base 6) in base 4?
11
-bb (base 12) to base 2
-10001111
What is -2 (base 14) in base 5?
-2
-2 (base 5) to base 9
-2
-1 (base 3) to base 2
-1
Convert -3 (base 9) to base 6.
-3
What is c (base 13) in base 15?
c
Convert 13 (base 10) to base 6.
21
1 (base 7) to base 10
1
What is -3312 (base 4) in base 8?
-366
1 (base 3) to base 10
1
Convert -4 (base 7) to base 14.
-4
Convert -4 (base 12) to base 14.
-4
2 (base 12) to base 13
2
What is -2e (base 16) in base 7?
-64
1100 (base 3) to base 7
51
57 (base 14) to base 5
302
What is -6 (base 10) in base 7?
-6
What is -11 (base 9) in base 12?
-a
What is -214 (base 5) in base 14?
-43
What is -4 (base 14) in base 13?
-4
What is 2 (base 15) in base 4?
2
What is -2 (base 4) in base 12?
-2
What is 1 (base 3) in base 14?
1
What is 14 (base 7) in base 8?
13
Convert 2 (base 3) to base 11.
2
Convert -13 (base 9) to base 12.
-10
-2 (base 4) to base 8
-2
Convert -b (base 12) to base 6.
-15
322 (base 5) to base 10
87
Convert 7 (base 10) to base 11.
7
What is -8c (base 14) in base 13?
-97
Convert -113 (base 5) to base 7.
-45
Convert 70 (base 9) to base 5.
223
Convert 104 (base 5) to base 8.
35
-35 (base 7) to base 10
-26
Convert -28 (base 12) to base 14.
-24
What is 110 (base 2) in base 7?
6
What is 19 (base 13) in base 12?
1a
-1 (base 15) to base 5
-1
-d1 (base 14) to base 3
-20210
-11 (base 3) to base 11
-4
Convert 7 (base 14) to base 2.
111
Convert -1c (base 13) to base 3.
-221
Convert 12 (base 15) to base 14.
13
What is -6 (base 16) in base 10?
-6
Convert -2 (base 16) to base 9.
-2
What is b9 (base 12) in base 2?
10001101
What is -1 (base 2) in base 12?
-1
3 (base 6) to base 2
11
59 (base 10) to base 4
323
Convert -34 (base 6) to base 13.
-19
Convert 11 (base 14) to base 7.
21
Convert -115 (base 13) to base 5.
-1222
Convert 2020 (base 3) to base 15.
40
1 (base 12) to base 10
1
0 (base 14) to base 2
0
What is 0 (base 14) in base 2?
0
Convert -5 (base 13) to base 3.
-12
Convert -4 (base 11) to base 16.
-4
Convert 14a (base 13) to base 10.
231
What is 28 (base 14) in base 12?
30
What is -2 (base 8) in base 7?
-2
What is -3 (base 4) in base 5?
-3
What is -157 (base 8) in base 3?
-11010
Convert -21101 (base 3) to base 6.
-531
Convert 1 (base 13) to base 15.
1
1111010 (base 2) to base 7
233
What is -1010 (base 6) in base 13?
-141
Convert -3 (base 4) to base 8.
-3
What is 23 (base 11) in base 5?
100
Convert 1 (base 2) to base 5.
1
11 (base 4) to base 13
5
Convert d (base 15) to base 2.
1101
What is 1a (base 13) in base 10?
23
Convert 12 (base 11) to base 14.
d
Convert 16 (base 12) to base 7.
24
What is 3 (base 12) in base 8?
3
Convert 2 (base 11) to base 7.
2
-8 (base 12) to base 14
-8
58 (base 10) to base 12
4a
What is 0 (base 7) in base 16?
0
Convert 20 (base 3) to base 6.
10
-7 (base 12) to base 7
-10
What is -11 (base 2) in base 5?
-3
-1 (base 11) to base 16
-1
Convert -121 (base 3) to base 4.
-100
What is 90 (base 14) in base 3?
11200
Convert -131 (base 11) to base 14.
-b1
Convert -4 (base 6) to base 15.
-4
Convert -11 (base 7) to base 8.
-10
-463 (base 8) to base 7
-616
Convert -12 (base 10) to base 13.
-c
-1 (base 8) to base 3
-1
What is -13 (base 8) in base 9?
-12
What is 71 (base 10) in base 15?
4b
14 (base 13) to base 6
25
Convert 134 (base 7) to base 4.
1022
What is -210 (base 3) in base 9?
-23
Convert -8 (base 11) to base 13.
-8
What is 31 (base 8) in base 16?
19
Convert 21 (base 6) to base 11.
12
What is 1 (base 11) in base 4?
1
Convert -79 (base 10) to base 13.
-61
Convert 20 (base 6) to base 13.
c
What is -11 (base 16) in base 15?
-12
Convert 107 (base 8) to base 4.
1013
2 (base 5) to base 6
2
What is -10 (base 4) in base 14?
-4
Convert 30 (base 9) to base 8.
33
What is -365 (base 8) in base 15?
-115
Convert -5 (base 13) to base 6.
-5
-2424 (base 5) to base 4
-11230
Convert -2d (base 15) to base 8.
-53
Convert 2 (base 9) to base 16.
2
What is -130 (base 13) in base 8?
-320
7 (base 11) to base 7
10
Convert -33 (base 8) to base 4.
-123
-6 (base 7) to base 13
-6
What is 13 (base 5) in base 4?
20
-31 (base 12) to base 15
-27
-3 (base 6) to base 9
-3
-10010 (base 2) to base 14
-14
What is 2 (base 7) in base 2?
10
What is 2 (base 10) in base 16?
2
-123 (base 6) to base 7
-102
5 (base 14) to base 3
12
What is -5 (base 6) in base 15?
-5
What is -7 (base 9) in base 3?
-21
Convert 8 (base 15) to base 5.
13
Convert -21 (base 5) to base 12.
-b
-11 (base 4) to base 10
-5
Convert 212 (base 4) to base 10.
38
-3 (base 12) to base 9
-3
Convert 4 (base 11) to base 9.
4
7 (base 14) to base 6
11
What is -1 (base 15) in base 4?
-1
13 (base 14) to base 3
122
Convert 1332 (base 4) to base 8.
176
Convert -11 (base 6) to base 16.
-7
-3100 (base 4) to base 3
-21201
8 (base 10) to base 15
8
1002 (base 3) to base 11
27
Convert -2 (base 8) to base 13.
-2
What is -4 (base 6) in base 15?
-4
What is -1 (base 9) in base 7?
-1
Convert -1 (base 10) to base 5.
-1
What is 220 (base 3) in base 11?
22
Convert 311 (base 4) to base 6.
125
What is -7 (base 14) in base 4?
-13
What is 302 (base 8) in base 5?
1234
3 (base 6) to base 11
3
19 (base 11) to base 9
22
Convert -1 (base 3) to base 13.
-1
0 (base 8) to base 10
0
-100 (base 8) to base 4
-1000
Convert 3 (base 9) to base 10.
3
Convert 15 (base 13) to base 7.
24
18 (base 10) to base 9
20
Convert aa (base 11) to base 12.
a0
What is 202 (base 5) in base 10?
52
Convert 104 (base 5) to base 12.
25
33 (base 7) to base 15
19
Convert -9 (base 14) to base 3.
-100
3 (base 16) to base 12
3
Convert 5 (base 7) to base 13.
5
Convert -2 (base 14) to base 8.
-2
Convert 8 (base 11) to base 15.
8
-43 (base 5) to base 8
-27
Convert 12 (base 3) to base 8.
5
-6 (base 14) to base 7
-6
Convert -30 (base 13) to base 14.
-2b
What is 72 (base 11) in base 14?
59
What is 7 (base 15) in base 2?
111
Convert 20 (base 13) to base 7.
35
-228 (base 12) to base 6
-1252
41 (base 8) to base 14
25
What is 79 (base 15) in base 6?
310
What is -3 (base 13) in base 11?
-3
-4 (base 13) to base 12
-4
-b2 (base 13) to base 12
-101
What is -5a (base 16) in base 7?
-156
Convert 5 (base 8) to base 6.
5
210 (base 9) to base 13
102
What is 1 (base 7) in base 11?
1
23 (base 14) to base 9
34
What is -111111 (base 2) in base 3?
-2100
Convert -140 (base 6) to base 7.
-114
What is -62 (base 14) in base 11?
-79
Convert 33 (base 4) to base 6.
23
What is -4 (base 11) in base 16?
-4
6 (base 11) to base 6
10
What is 1 (base 14) in base 16?
1
What is 33 (base 13) in base 11?
39
26 (base 14) to base 3
1021
c (base 13) to base 14
c
What is 10000 (base 2) in base 12?
14
3 (base 7) to base 11
3
190 (base 10) to base 11
163
Convert 101 (base 4) to base 6.
25
-53 (base 9) to base 13
-39
Convert -111 (base 2) to base 14.
-7
Convert -231 (base 5) to base 6.
-150
What is -10c (base 13) in base 16?
-b5
83 (base 13) to base 9
128
-304 (base 9) to base 12
-187
-a (base 12) to base 2
-1010
10 (base 9) to base 2
1001
Convert -a (base 16) to base 7.
-13
What is 0 (base 7) in base 9?
0
Convert 20 (base 9) to base 12.
16
What is d (base 14) in base 3?
111
-10100110 (base 2) to base 10
-166
What is -1011 (base 2) in base 9?
-12
What is -2f (base 16) in base 3?
-1202
What is -12 (base 7) in base 15?
-9
-105 (base 9) to base 12
-72
1 (base 3) to base 13
1
115 (base 10) to base 11
a5
What is -68 (base 10) in base 15?
-48
0 (base 8) to base 2
0
-35 (base 9) to base 16
-20
-57 (base 11) to base 14
-46
What is 14 (base 12) in base 2?
10000
b (base 15) to base 11
10
What is -28 (base 9) in base 11?
-24
-50 (base 12) to base 16
-3c
Conve